 4*n = -4*d - 0*n + 52, -3*n + 48 = 4*d. Suppose d - 53 = -2*p. Calculate the greatest common divisor of 220 and p.
22
Suppose 0 = 5*j + 1251 - 7656. Calculate the highest common divisor of 42 and j.
21
Let o = 13 - 2. Let c(l) be the first derivative of l**2/2 + 7*l - 4. Let d be c(-6). What is the highest common divisor of d and o?
1
Let r be (-1018)/(-6) + (-3)/(-9). Calculate the highest common factor of 17 and r.
17
Suppose -17 = -14*i + 739. Calculate the highest common divisor of 63 and i.
9
Suppose -o + 7 = w - 6, -47 = -4*w + o. Let s = -27 - -15. Let y be (-64)/s*(-99)/(-4). Calculate the highest common factor of w and y.
12
Let i(v) = v + 29. Let y be i(0). Let m be (-2 - (2 - 5)) + 6. Let b(x) = 3*x**2 - 2*x + 12. Let k be b(m). Calculate the greatest common factor of k and y.
29
Let k(a) = a**3 - a**2 + 3*a - 4. Let q be k(5). What is the greatest common factor of q and 74?
37
Let m = 30 - 9. Let p(o) = 3*o + 13. Let v(u) = u + 7. Let d(g) = 4*p(g) - 9*v(g). Let k be d(6). Calculate the highest common divisor of k and m.
7
Suppose -3*a + 229 = r, -4*r = -3*a - 3*r + 239. Let q = 119 - 67. Calculate the highest common divisor of q and a.
26
Suppose -o - 221 = 5*t, 0 = 5*t - 3*o + 77 + 160. Let b be 64/(-6)*t/15. What is the greatest common divisor of 4 and b?
4
Suppose 2*z + 0*z = -a + 39, -2*a + 10 = 0. Suppose -13*d = 75 + 68. Let v = z + d. Calculate the greatest common factor of 48 and v.
6
Suppose 509*m - 512*m = -456. What is the greatest common factor of 38 and m?
38
Let w = -997 + 1296. Calculate the highest common factor of 46 and w.
23
Let i = -408 + 413. Calculate the greatest common factor of 2 and i.
1
Suppose 3*o + 5*a - 2358 = 0, -10*o = -5*o + 2*a - 3911. Calculate the greatest common factor of 11 and o.
11
Let y = -1196 + 1203. Calculate the highest common divisor of y and 413.
7
Let k = -615 + 714. Calculate the highest common divisor of k and 88.
11
Let o(k) = -k**2 - 26*k + 63. Let x be o(-26). Let u = -28 - -50. Let n = 64 - u. What is the highest common factor of n and x?
21
Let f(j) = -j**3 + 6*j**2 + 9*j + 6. Let x be f(8). Let i be ((-2)/2)/(2/x). Let u = i - 17. Calculate the greatest common factor of 64 and u.
8
Let q be 30*((-136)/(-20) + -5). What is the highest common factor of q and 2?
2
Suppose 5*g + 20 = j + 1, -2*g = 5*j - 41. Suppose -5*f = -j*f + 1056. What is the highest common divisor of f and 24?
24
Let v be -3 + 0 - (-460)/5. Suppose v*q = 91*q - 308. Calculate the greatest common factor of 22 and q.
22
Let a be (-18)/72 + (-10)/(-8)*157. Calculate the greatest common factor of 70 and a.
14
Let h = 432 + -366. Calculate the highest common factor of h and 330.
66
Suppose 3*b + 50*o - 172 = 46*o, -2*b - 2*o = -118. What is the highest common divisor of 944 and b?
16
Let g = 198 + -182. Let i = -17 + 25. Suppose i + 56 = v. What is the greatest common factor of g and v?
16
Let v(s) = 2*s**2 + 5*s - 6. Let a = 27 - 33. Let g be v(a). What is the greatest common divisor of g and 324?
36
Suppose -2*n - 12 = 4*j, -4*n + 26 = -j - j. Let v(b) = -2*b**3 - 7*b**2 + 3*b + 4. Let o be v(j). Calculate the greatest common divisor of 8 and o.
8
Let s be (-1)/3*(-3 - -3). Let w be -2 - s - (-54)/(-3). Let z = -4 - w. What is the greatest common factor of z and 128?
16
Let l be 6/((-5)/(-5 + 150)). Let a = l - -243. What is the highest common factor of 23 and a?
23
Let d = 212 + -17. What is the greatest common divisor of 30 and d?
15
Let y be -5*((-16)/20)/1. Suppose -2*d - 5*w = -4*d - 10, 0 = -y*d - 4*w + 36. What is the greatest common factor of d and 5?
5
Suppose -5*j = -2*y + 1807, 0 = 3*y - 2*j - 1831 - 907. What is the greatest common divisor of 4 and y?
4
Let l(m) = m**2 + 9*m + 3. Let k = -15 - -6. Let n be l(k). Suppose 3*a - b = 34, -3*a + n*b = -2*b - 50. Calculate the highest common factor of 25 and a.
5
Let l(z) = -10*z + 662. Let h be l(48). What is the highest common factor of h and 52?
26
Let n = -48 + 56. Suppose -b = -0*b + 1, -h + b = -17. What is the highest common divisor of n and h?
8
Let r be (-17)/(-51) + 112/6. Let m = 7 + -23. Let u = m + r. What is the greatest common factor of u and 27?
3
Let h(u) = -u**3 - 7*u**2 - 7*u. Suppose -46 = -k - 10. Suppose 5*d + k = -d. Let f be h(d). Calculate the highest common divisor of 9 and f.
3
Let z = -1626 + 1642. What is the highest common divisor of 74 and z?
2
Suppose -o = k - 78, 2*o + 4*k = 61 + 91. What is the highest common divisor of 90 and o?
10
Let r be (-1 - 3) + 9 - (-1 - 3). Calculate the highest common factor of 303 and r.
3
Suppose 3*t + p + p = 27, p + 3 = 0. Suppose 27*q - 314 = 577. What is the greatest common factor of q and t?
11
Let x(q) = q - 3. Let l be x(5). Suppose -4*m + m + 32 = h, 0 = l*h - 4. Calculate the highest common factor of m and 90.
10
Suppose -3*h = h - 140. Let t = 1 + -1. Suppose t = -5*w + 54 + 16. What is the greatest common divisor of w and h?
7
Suppose 3*s + 384 = -3*r, 360 = -3*r - 2*s + 5*s. Let i be (3 - 2)/((-4)/r). Calculate the greatest common factor of i and 124.
31
Let h(q) = -q**3 + 3*q**2 - q + 4. Let d be h(3). Let w be d*-2 + 25 + -2. What is the greatest common factor of 168 and w?
21
Let h be 1*3/2*8/3. Let a be 63/h + ((-19)/4 - -5). Calculate the greatest common divisor of a and 2.
2
Let z be (2/1 - 1) + 115. Let d be 21/(-14)*z/(-6). Let j = d + 16. What is the highest common factor of 30 and j?
15
Let y(h) = -6754*h. Let u be y(-2). Let k be (-4)/18 - u/(-36). Let z = 550 - k. What is the greatest common divisor of 25 and z?
25
Let i(z) = -z**2 + 27*z - 68. Let u be i(8). What is the highest common divisor of u and 36?
12
Suppose -4*n = -p - n - 14, -p = 4*n - 21. What is the highest common divisor of p and 3?
1
Let m = -33 + 36. Let x(s) = s**3 + 7*s**2 + 7*s - 1. Let h be x(-5). Let b be (h + 2)/(m/3). What is the greatest common divisor of 96 and b?
16
Let v = -301 - -371. Calculate the greatest common factor of 126 and v.
14
Suppose -3*j + 384 = j. Let t be 29 + 6/(-12)*10. Calculate the greatest common divisor of t and j.
24
Let r = 35 + -77. Let j be ((-36)/(-21))/((-3)/r). Suppose 0 = -2*f + h + 16, 0*h - 5*h + j = 3*f. Calculate the greatest common factor of f and 40.
8
Let z = 1019 + -145. Calculate the highest common factor of 38 and z.
38
Let v be (-1)/(-6) - 15/(-18)*277. Calculate the greatest common divisor of 63 and v.
21
Let b be (392 - (0 - 4)) + -3. Let w = b - 265. Calculate the highest common divisor of 8 and w.
8
Let k(q) = -8*q**2 + 9*q + 14. Let i be k(-7). Let g = -246 - i. Calculate the greatest common divisor of 39 and g.
39
Suppose 0 = 2*u + 3*r - 4, 17 = -2*u - 2*r + 21. What is the highest common factor of u and 2?
2
Let o = 26 + -61. Let t = o + -9. Let c be 2/(-6) - t/6. Calculate the highest common divisor of c and 56.
7
Let r be (-18262)/(-828) + 3/(-54). Let f = 16 - 11. Suppose -17 = -f*t + 38. Calculate the greatest common factor of r and t.
11
Let r = 4184 + -4159. Let f(s) = s**3 - 4*s**2 + 4*s - 1. Let v be f(4). Calculate the highest common factor of v and r.
5
Let g(k) = k**2 + 6*k + 21. Let r be g(-6). Let n be 81/6*224/r. Calculate the highest common divisor of n and 16.
16
Suppose -89*v + 73*v = -48. Calculate the greatest common divisor of v and 51.
3
Suppose -589 = -15*i + 191. What is the highest common factor of 39 and i?
13
Let l(z) = 18*z**2 + 47*z - 176. Let a be l(4). Calculate the greatest common divisor of a and 4.
4
Suppose -3*c - 730 = -n, -2890 = -2*n - 2*n - 3*c. Let i = n - 329. Let y = i - 265. What is the highest common divisor of 26 and y?
26
Suppose -3*m = 3*p + 6, m + p + 4*p = -10. Let v be 146 - (-12)/(m - -3). Suppose 4*r - 88 - 152 = 0. What is the greatest common factor of v and r?
30
Suppose 289*u = 286*u + 54. What is the greatest common factor of u and 12?
6
Let i(g) = g**2 - g - 13. Let v = 88 + -82. Let n be i(v). Calculate the highest common divisor of n and 34.
17
Suppose -20 = -0*f - f. Let q be (504/(-60))/((-3)/10). Suppose c + 2*s = -3*c + 20, -4*s = 5*c - q. Calculate the greatest common factor of c and f.
4
Let o(r) = -4*r - 30. Let b be o(-8). Suppose -l + 63 = 2*l + m, b*m + 84 = 4*l. Calculate the greatest common divisor of l and 147.
21
Let g be 4595/35 + -1 + (-15)/(-21). Suppose -2*k + u = 